ndreds digit of o?
1
Let i = -15 - -16. Suppose -m = 2*c - c + 25, 5*m + 25 = -c. What is the units digit of (-18 + 16)*i*c?
0
Let t(a) be the third derivative of -a**4/24 + 5*a**3/3 - 4*a**2. Let y be t(7). Suppose -y*c = -2 - 19. What is the units digit of c?
7
Suppose 4*l - 3*k + 1040 = 0, -2*l + 3*k = -0*k + 526. Let j = 583 + l. What is the tens digit of j?
2
Let n be 0 - ((-3)/3 - 0). Suppose 0 = 3*p + 5 + n. What is the tens digit of p*3/15*-65?
2
Let n(r) = -r - 5*r**2 + 91*r**2 + 0*r + 2. What is the units digit of n(1)?
7
Let s(t) = 30*t - 1200. What is the hundreds digit of s(48)?
2
What is the units digit of (132/(-110))/(((-12)/2230)/3)?
9
What is the tens digit of (-1 - -2)*(-52*17)/(-4)?
2
Suppose 0*g = -3*g + 4*t + 10, 5*g + 3*t - 7 = 0. Let l be 4/g + 11/(-1). What is the units digit of 6*l/(-3) + -2?
6
What is the units digit of ((-191)/(-1) - -3)*(-5)/(-2)?
5
Let n be -2 - (12/4 - 8). Suppose 2 = 3*j + h, n*h - 2 = j + 4. Suppose -i - 5*v + 51 = j, -i + 36 = v + v. What is the tens digit of i?
2
Suppose -2*s - 2 = -106. What is the tens digit of s?
5
Let l(d) = -5*d + 9. Let u(f) = 3*f - 4. Let j(o) = -4*l(o) - 7*u(o). Let i be j(-11). Suppose -67 = -i*c + 44. What is the tens digit of c?
3
Suppose 0 = -14*g + 11*g. Suppose g = -9*p + 6*p. Suppose 10 = 2*v, 2*m + p*v - 36 = -4*v. What is the units digit of m?
8
Let g(x) = x**3 - x**2 + 2*x + 26. Let s be g(0). Suppose 3*r = 290 - s. What is the units digit of r?
8
Let t be 16/((-16)/4) + 401. Let z = t - 197. What is the units digit of z?
0
Let f be 87/(-2)*30/(-45). Let b = -21 + f. Suppose -4*p = -2*c + 56, c + 3*p = -0*p + b. What is the tens digit of c?
2
Suppose 8*x - 7245 = -15*x. What is the units digit of x?
5
Suppose -3356 = -i - 606. What is the tens digit of i?
5
Suppose -10*a = -2*a - 64. Suppose -83 - 317 = -a*u. What is the tens digit of u?
5
Suppose -1671 = -3*l + j, 5*j + 1109 = 2*l + 6*j. What is the units digit of l?
6
Let j be 39/(-26)*2130/(-9). Suppose j = -5*r + 1465. What is the units digit of r?
2
Suppose -101*v + 201201 = -34*v. What is the tens digit of v?
0
Let z(w) = w**3 - w**2 - 2*w - 1. Suppose -2*d = -3*y - 19, -5*y = -2*d - 2*d + 33. Let c be z(d). What is the units digit of 33 - (c - -1 - 1)?
4
Suppose 3*r - 3805 = -2*s, 0 = 2*r - 25*s + 24*s - 2532. What is the hundreds digit of r?
2
Suppose 0 = c - 12*k + 7*k - 369, 0 = -5*c - k + 1897. What is the units digit of c?
9
Let c(k) = -10*k**3 - 7*k - 8. What is the tens digit of c(-7)?
7
Suppose -2*w + 10 = 3*w. Suppose -2*m - 4 = -3*m. Suppose w*j = 30 + m. What is the tens digit of j?
1
Let f be 1770/8 + (-3)/(-4). What is the tens digit of f/12 + 3/2?
2
Let p be 22*((-105)/2)/(-5). Suppose 25*v - 2*f = 21*v - 2, 0 = -2*f + 10. Suppose 33 = s - 5*q, 3*s = -v*s + 3*q + p. What is the units digit of s?
8
Suppose 3*y + 3*g = 1116, -4*g - 750 = 2*y - 4*y. Suppose -n + 3*x = 4*n - y, 73 = n - x. What is the units digit of n?
7
Let n = -92 + 40. Let o = 61 + n. What is the units digit of o?
9
Let t(f) = -f**3 - 8*f**2 - 2*f - 3. Let c = -1 - -5. Suppose 24 = -2*d - 2*d + c*a, 5*a + 2 = d. What is the tens digit of t(d)?
1
Suppose 0 = 9*c - 3*c - 60. Suppose -35 = 3*h - 116. Let f = h - c. What is the tens digit of f?
1
Let v = 23 + -54. Let u = v - -33. Suppose -n - 1 = -b - 2*b, 4*b - u*n = -2. What is the units digit of b?
2
Let k = -367 - -1381. What is the units digit of k?
4
Suppose 4*m + 12 = -2*h, -h + 8 = -5*m - 21. What is the hundreds digit of 159 + h + 0 + -3?
1
Suppose 10*a + 36*a - 83168 = 0. What is the tens digit of a?
0
Let v(h) be the third derivative of 7*h**5/60 - h**3/6 + 5*h**2. Let g be v(-2). Suppose -3*q = o - 5*o + 89, o - g = -4*q. What is the tens digit of o?
2
Let o be 3*(3/1 - (1 + 1)). Suppose 2*s - 53 + o = 0. What is the tens digit of s?
2
Let f(r) be the third derivative of -r**6/120 + r**5/10 - r**4/4 + 2*r**3/3 - 2*r**2. Let m = 76 + -72. What is the units digit of f(m)?
2
Let j be (8/(-12))/(12/198). Let i = j - -76. What is the tens digit of i?
6
What is the units digit of -8*(-3)/12 + 532?
4
Let o = 106 - 100. Let b = -11 - -34. Suppose 5*g = o*g - b. What is the units digit of g?
3
Suppose -13*l + 1410 = -12*l + 4*s, -s + 5655 = 4*l. What is the hundreds digit of l?
4
Suppose -4*u = -3*u. Suppose i - 36 + 6 = u. Suppose 0 = r + 4*r - i. What is the units digit of r?
6
Let s(m) = -3*m**2 + 3*m + 2*m - 2*m**3 + m**3 - m**3 - 3. Let x be s(-4). Suppose 2*b - 2*t - x = -7*t, -3*b - t = -105. What is the tens digit of b?
3
Let a = 471 - 327. What is the units digit of a?
4
Let x(m) = 3*m**2 - 25*m - 4. What is the units digit of x(26)?
4
Let k(p) = -2 + 0 - 2 + 3*p. Let x be k(2). Suppose -t + 101 = 4*j - 2*t, x*j + 3*t = 47. What is the tens digit of j?
2
Suppose -2*f = -16 + 24. Let y(k) = -4*k**3 - 4*k**2 + 3*k + 7. What is the hundreds digit of y(f)?
1
Let v = -742 + 1066. What is the tens digit of v?
2
Let x(d) = 19*d**3 - 3*d**2 + 2*d. Let k be x(1). Let y(h) = h**2 - 8*h - 45. What is the tens digit of y(k)?
3
Let c(h) = 4 + 2 + 2*h - 4*h. Let u = -13 - -5. What is the units digit of c(u)?
2
Suppose -11*u + 6*u = -v - 15389, 2*v + 12310 = 4*u. What is the thousands digit of u?
3
Let r(w) = -2*w**2 + 9*w + 18. Let k be r(10). Let d = 4 - k. What is the tens digit of d?
9
Suppose 5*i + 2*m + 6 = -10, 0 = -5*m - 15. Let q be (i - (4 - 6)) + -2. What is the tens digit of 3 + 0 + (-18)/q?
1
Suppose 2*l + 0*l = 70. Suppose -55 = 3*u + 2*u. Let v = l + u. What is the tens digit of v?
2
Suppose 5*n + 5*n = 910. What is the tens digit of n?
9
Suppose 18*m = 7*m + 5280. What is the units digit of m?
0
Let f(i) = 3*i - 9. Let p(n) = -2*n + 8. Let v(u) = -6*f(u) - 7*p(u). What is the units digit of v(-3)?
0
Suppose 4*w + 4*w = 2792. Suppose -4803 = -17*q - w. What is the hundreds digit of q?
2
Let z be ((-108)/14)/((-25)/(-28) - 1). Let p = z - -47. What is the tens digit of p?
1
Suppose 10*x = 15*x - 175. Suppose x*v - 38*v = -183. What is the units digit of v?
1
Let p = 1240 - 786. What is the units digit of p?
4
Let b(h) be the first derivative of h**2/2 - h + 7. Let d be b(5). Suppose 0*u + 41 = 4*a + u, 0 = -d*a + 4*u + 16. What is the units digit of a?
9
Suppose 5*h = -7*q + 8*q + 846, 150 = h - 5*q. What is the units digit of h?
0
Let y = 6 + -6. Suppose y*u + 2*u - 8 = 0. Suppose x = 6*x - u*z - 91, -z = -1. What is the tens digit of x?
1
Let g = -40 + 44. Suppose x = -0*t + g*t + 41, -2*x - 3*t + 60 = 0. What is the units digit of x?
3
Suppose 9 + 21 = 10*j. Let m = j - -75. What is the units digit of m?
8
What is the units digit of (4 + -10)*(1 - 10/4)?
9
Let l = 1395 + -467. What is the units digit of l?
8
Let y be -2*4/(-16)*8. Suppose -c + 0*c - 2*p = 8, 0 = -2*c - p - y. Suppose -4*d = -12, -3*v + 7*v + 5*d - 27 = c. What is the units digit of v?
3
Let g(k) = -k**2 - 18*k - 33. Let p be g(-15). Let h be 6/(-5)*210/(-12). Let w = h - p. What is the units digit of w?
9
Suppose 1792 = 21*h - 1610. What is the units digit of h?
2
Let k(j) = -j**3 - 5*j**2 + 10*j + 9. Let x = 2 + -9. What is the units digit of k(x)?
7
Let l = 359 + -277. What is the tens digit of l?
8
Suppose -4*o + v - 6*v = 17, -4*v - 22 = -o. Suppose 0 = -o*a + 5*a - 36. What is the units digit of (a - 11)/(1/23)?
3
Let f be (-14)/4*(1 + 30/(-14)). Suppose -367 = -f*a - 3*n, a + n + 90 = 2*a. What is the tens digit of a?
9
Suppose 5 = -15*i + 10*i. Let o(h) = -297*h**3 - h**2 + 2*h + 3. What is the tens digit of o(i)?
9
Suppose -z - 119782 = -27*z. What is the thousands digit of z?
4
Suppose -68 = -4*h + 380. Let u = h + -45. Let g = 108 - u. What is the units digit of g?
1
What is the tens digit of 4*(-8)/96*-2589?
6
Suppose 0*h - 19 = -2*h + 3*r, 2*h = -4*r + 26. Let i = h + -9. Let z(x) = -2*x**2 + 4*x + 1. What is the units digit of z(i)?
1
Let p = -720 - -774. What is the tens digit of p?
5
Let m(g) = -8*g - 27. Let i be m(-14). What is the tens digit of (46/115)/(1/i)?
3
What is the tens digit of (5 + (-136)/24)*-162?
0
Let t(o) = -o**3 - 8*o**2 - 8*o - 5. Suppose 12 = -3*q + 7*q. Suppose 5*f - 13 = 4*n - 0*f, 0 = -n - q*f - 16. What is the units digit of t(n)?
2
Let q = -10 - -6. Let h = 69 + q. What is the tens digit of h?
6
Let k(h) = -h**3 - 8*h**2 + 4*h + 11. Suppose -z = -2*